1. What is the remainder when 44 is divided by s?
14
Suppose -3*m + 87 = -4*z + 14, -2*z - 8 = 0. Calculate the remainder when m is divided by 10.
9
Suppose 4*i - 4 = 3*i. Suppose -4*v = -2*h, -4*v = 2*h - i - 12. Calculate the remainder when h is divided by 3.
1
Let q = 4 + 9. Suppose -10 = -6*j + 2*j - 5*u, 4*j = -4*u + 12. Calculate the remainder when q is divided by j.
3
Let j(u) = -u**3 + u**2 + 2. Suppose n = 3 - 1. Calculate the remainder when j(0) is divided by n.
0
Suppose -41*t + 35*t + 396 = 0. Calculate the remainder when t is divided by 34.
32
Suppose -a - 4 = -13. Calculate the remainder when (-10)/(-4)*(3 - -7) is divided by a.
7
Suppose -21 - 7 = -n - 4*x, -5*n + 3*x + 71 = 0. What is the remainder when 63 is divided by n?
15
Let t be ((-16)/(-6))/(14/21). Let c = 8 - t. Calculate the remainder when 10 is divided by c.
2
Suppose -2*y + 44 - 18 = 0. Let a = -55 + 106. Calculate the remainder when a is divided by y.
12
What is the remainder when 67 is divided by (36 - -1*3/(-1)) + 2?
32
Let k(l) = l**3 - 4*l**2 - 11*l - 2. Let q = -19 - -29. Calculate the remainder when q is divided by k(6).
2
Let s(u) = 6*u**2 + 7*u + 5. Calculate the remainder when 28 is divided by s(-2).
13
Let w = -380 - -396. Let x = 105 + -58. Calculate the remainder when x is divided by w.
15
What is the remainder when 6/(-9) + 284/3 is divided by 32?
30
Suppose -4*w + 54 = -2*w. What is the remainder when w is divided by 15?
12
Suppose -36 = -k + 2*p - 5*p, -3*p - 48 = -3*k. What is the remainder when k is divided by 11?
10
Let h(l) = -l**3 + l**2 + l + 31. Let t(w) = 6*w - 7. What is the remainder when h(0) is divided by t(3)?
9
Let p be 4/6 - (-28)/21. Suppose 27 = 5*l - p*l. Calculate the remainder when 35 is divided by l.
8
Suppose 4*t = 2*b + 20, 14 = t - 4*b - b. Let q = -29 - -40. What is the remainder when q is divided by t?
3
Suppose 2*q - 53 = 5*l, -5*q + 3*q + 29 = 3*l. What is the remainder when q is divided by 7?
5
Suppose 3*w + 4*z = -2*w + 62, w - 12 = -z. Calculate the remainder when 27 is divided by w.
13
Calculate the remainder when 55 is divided by ((-171)/12)/(3/(-4)).
17
Calculate the remainder when 27 is divided by (-66)/(-12) + (-1)/2.
2
Let m be -1 - -14*(-21)/(-6). Let n = -14 + m. What is the remainder when n is divided by 12?
10
Let t = 5 + -4. Let a(d) = -d**2 + 6*d - 7. Let h be a(5). What is the remainder when 46 is divided by (-8*1)/(t/h)?
14
Suppose 0*b + 36 = 2*b - 3*j, -60 = -4*b + 3*j. Calculate the remainder when 35 is divided by b.
11
Let o be (0 + 0)/2 + 10. Suppose -5*u + 162 = -98. Calculate the remainder when u is divided by (-264)/(-15) + 4/o.
16
Let l be -1 + (-15)/(-3)*3. Suppose -5*s + l = 2*u, 5*s - 5*u = -8 + 43. Calculate the remainder when -3*(0 + 14/(-6)) is divided by s.
3
Let v(p) = -6*p**3 + 2*p**2 + 2*p + 1. Let y be v(-1). Let l = -1 + y. Calculate the remainder when (-79)/(-7) + (-2)/7 is divided by l.
5
Let n = 13 + -4. Let f = -9 + 17. What is the remainder when f is divided by 1*n + 8 + -12?
3
Let r(f) = -f**2 - 5*f + 2. Let y be r(-6). Let k = -4 - y. Suppose -n = -k - 3. Calculate the remainder when 8 is divided by n.
2
Let a = -1 + 3. Suppose -3*j + 5*p = -39, 0 = -j + a*p - 4*p + 2. Suppose 0 = -2*c + j - 0. What is the remainder when 6 is divided by c?
2
Let w = 27 + 11. Suppose 0 = q - l + 22, 0*q + q + w = 5*l. Let c = q - -29. What is the remainder when 20 is divided by c?
9
Suppose 0 = -2*x - 2*x - 5*y + 383, 5*y + 433 = 4*x. Calculate the remainder when x is divided by 21.
18
Let m(g) be the second derivative of g**5/20 + 2*g**4/3 - 7*g**3/6 - 7*g**2/2 + g. Calculate the remainder when m(-8) is divided by (0 - -1) + (0 - -16).
15
Suppose 3*y = -4*j + 26, 0 = y - 6*y - j + 49. Suppose 0 = -5*u - 5*h - 15, 3*u = -2*h - 2*h - 10. What is the remainder when y is divided by (-2)/(-1*u/(-6))?
4
Let u be (16/12)/((-2)/(-24)). Let l(i) = 2*i + 5. Let y = -7 - -17. Calculate the remainder when l(u) is divided by y.
7
What is the remainder when 0/(2/(-3)*-3) - -73 is divided by 19?
16
Let a(q) = 7*q + 4. Let v be a(-6). Suppose -2*r + 2 - 4 = 0, 79 = -3*y - 4*r. Let f = y - v. What is the remainder when 25 is divided by f?
12
Let k = -9 + 9. Suppose k = -7*c - 14 + 63. What is the remainder when -1 - 2/2*-13 is divided by c?
5
Let t(b) = -b + 7. Suppose 7 = -2*p + 3*p. What is the remainder when p is divided by t(5)?
1
Let o(c) = -19*c - 1. Calculate the remainder when o(-3) is divided by 15.
11
Suppose -n - 3*d = -15, -5*d + 5 = n - 12. Let u(i) = 9*i - 2. Calculate the remainder when u(4) is divided by n.
10
Let v = 18 - 14. Suppose 0 = v*o - 14 - 2. What is the remainder when 7 is divided by o?
3
Let j = 78 + -41. Calculate the remainder when j is divided by 13.
11
Suppose -4*t + 72 = 2*k, 3*k = 4*t - 93 + 1. What is the remainder when t is divided by 13 + (-4 - -2 - 0)?
9
Calculate the remainder when ((-3)/6)/(-1)*74 is divided by 22.
15
Calculate the remainder when 56 is divided by (-14)/3*(-15)/(-70)*-12.
8
Let r be 0 - (-17 + 2 + 0). Suppose 2*b = 3*b - r. What is the remainder when 43 is divided by b?
13
Suppose -2*f + 3*o + 22 = 0, -3*o = 3*f - 0*o - 33. Calculate the remainder when f is divided by 5 + 2/(-2) + 0.
3
What is the remainder when -1 + 130*4/8 is divided by 19?
7
Let b = 7 - -3. Let r(v) = -12*v + v**3 - 3*v + 2*v - 11 + 7*v**2. What is the remainder when r(-8) is divided by b?
9
Calculate the remainder when (6 + 0)/(27/144) is divided by 7.
4
Calculate the remainder when 42 is divided by (-4)/(-2) + 2 - -18.
20
Let i = -46 + 94. Let s(r) = -r**3 - 5*r**2 + 11*r + 4. Calculate the remainder when i is divided by s(-7).
23
Let z(r) = -r**3 - 6*r**2 - 2*r - 1. What is the remainder when 43 is divided by z(-6)?
10
Let x(g) = -g**3 - 7*g**2 - 2*g + 2. Let q = -20 - -79. Suppose -35 - q = -2*v. What is the remainder when v is divided by x(-7)?
15
Suppose 0 = -6*u + 2*u - 5*z + 229, 2*z + 194 = 4*u. Suppose 0 = -2*p - 5*r - 8 + 39, 0 = -2*p + r + 37. What is the remainder when u is divided by p?
15
Let a = -174 - -183. Calculate the remainder when -1 - 34*1*-1 is divided by a.
6
Let g(p) = 5*p. Let d be g(1). Let s = -4 + 6. Suppose -2*q = i - 18, -s*q = d*i - 0*i - 82. Calculate the remainder when 30 is divided by i.
14
Calculate the remainder when 64 is divided by (-9)/(-15) + (-214)/(-10).
20
Let t be (-3)/2*56/(-6). Let l be 48/28 - (-4)/t. Calculate the remainder when 15 is divided by 3/l - (-13)/2.
7
Let n = 30 + -19. Let k(h) = 4*h + 10. What is the remainder when k(8) is divided by n?
9
Let i = 50 + -31. What is the remainder when 54 is divided by i?
16
Let m = 30 - -13. Calculate the remainder when m is divided by 11.
10
Let z be -1 + 6 + 2 - -3. Suppose w - z = -l - w, -2*w - 2 = -5*l. Calculate the remainder when l - -5*(1 + 7) is divided by 15.
12
Calculate the remainder when (-11)/((-33)/36) + -1 is divided by 3.
2
Let s = -7 + 20. Suppose 0 = 4*m + 4*u - 52, -4*m + 5*m = 2*u + s. Calculate the remainder when 23 is divided by m.
10
Let c = -5 + 15. What is the remainder when 29 is divided by c?
9
Suppose -2*d + 7*d - 20 = 5*n, n + 13 = 4*d. Let g(o) = -3*o + 5 - 3*o + 4*o - d*o. What is the remainder when g(-6) is divided by 18?
17
What is the remainder when 75 is divided by 6/6 + 13 + (2 - 3)?
10
Let l(g) = -g**3 - 5*g**2 + 4. Let u be l(-3). Let t = u + 25. Calculate the remainder when 321/15 + 12/(-30) is divided by t.
10
Suppose 4*r - 2*h - 86 = 0, -r + h + 40 = 16. Calculate the remainder when 53 is divided by r.
15
Suppose 36 = -g - 3. Let s = g - -69. What is the remainder when s is divided by 11?
8
Let s be 390/(-24) + 1/4. Let m = s + 35. What is the remainder when 73 is divided by m?
16
Let x(g) = 2*g**2 - 4*g - 15. Suppose 0 = 4*j + 20, -8 = -5*h + 5*j + 57. Calculate the remainder when x(h) is divided by 21.
18
Let k(l) = -l**3 - 2*l**2 - 3. Let o be k(-3). Let f be 63/(-12)*(-16)/o. Let d = -5 + f. Calculate the remainder when 17 is divided by d.
8
Let p(t) = 56*t**3 + 2*t**2 - 1. What is the remainder when p(1) is divided by 30?
27
Let d(m) = m**2 + 10*m - 1. Calculate the remainder when 38 is divided by d(-11).
8
Suppose 9 + 22 = i. Calculate the remainder when i is divided by 16.
15
Let f = -31 + 48. Calculate the remainder when (-20)/(-8)*(-132)/(-1